s of 9547.
9547
List the prime factors of 7446.
2, 3, 17, 73
What are the prime factors of 7758?
2, 3, 431
What are the prime factors of 95652?
2, 3, 2657
List the prime factors of 7258.
2, 19, 191
List the prime factors of 1854.
2, 3, 103
What are the prime factors of 6438?
2, 3, 29, 37
What are the prime factors of 3357?
3, 373
List the prime factors of 1911.
3, 7, 13
What are the prime factors of 3478?
2, 37, 47
What are the prime factors of 30244?
2, 7561
What are the prime factors of 35968?
2, 281
What are the prime factors of 8518?
2, 4259
What are the prime factors of 2915?
5, 11, 53
List the prime factors of 4932.
2, 3, 137
List the prime factors of 13268.
2, 31, 107
What are the prime factors of 1476?
2, 3, 41
List the prime factors of 24876.
2, 3, 691
What are the prime factors of 2918?
2, 1459
List the prime factors of 1871.
1871
List the prime factors of 15148.
2, 7, 541
What are the prime factors of 85642?
2, 42821
List the prime factors of 1563.
3, 521
What are the prime factors of 228?
2, 3, 19
What are the prime factors of 33032?
2, 4129
What are the prime factors of 12302?
2, 6151
List the prime factors of 2536.
2, 317
What are the prime factors of 1479?
3, 17, 29
List the prime factors of 5028.
2, 3, 419
List the prime factors of 3654.
2, 3, 7, 29
What are the prime factors of 448?
2, 7
List the prime factors of 1282.
2, 641
What are the prime factors of 27744?
2, 3, 17
What are the prime factors of 4899?
3, 23, 71
List the prime factors of 1978.
2, 23, 43
What are the prime factors of 3080?
2, 5, 7, 11
List the prime factors of 33390.
2, 3, 5, 7, 53
What are the prime factors of 1008?
2, 3, 7
What are the prime factors of 8327?
11, 757
List the prime factors of 26.
2, 13
What are the prime factors of 3579?
3, 1193
List the prime factors of 9421.
9421
List the prime factors of 5727.
3, 23, 83
List the prime factors of 54934.
2, 11, 227
List the prime factors of 2317.
7, 331
What are the prime factors of 3367?
7, 13, 37
List the prime factors of 249.
3, 83
What are the prime factors of 10077?
3, 3359
What are the prime factors of 2582?
2, 1291
List the prime factors of 118996.
2, 71, 419
List the prime factors of 938.
2, 7, 67
List the prime factors of 169354.
2, 17, 293
What are the prime factors of 13215?
3, 5, 881
List the prime factors of 5347.
5347
List the prime factors of 12279.
3, 4093
List the prime factors of 131129.
131129
List the prime factors of 3352.
2, 419
List the prime factors of 3179.
11, 17
What are the prime factors of 303?
3, 101
List the prime factors of 94250.
2, 5, 13, 29
List the prime factors of 90368.
2, 353
List the prime factors of 14501.
17, 853
List the prime factors of 6787.
11, 617
What are the prime factors of 98958?
2, 3, 16493
What are the prime factors of 97178?
2, 48589
What are the prime factors of 164?
2, 41
What are the prime factors of 94235?
5, 47, 401
What are the prime factors of 3449?
3449
List the prime factors of 49637.
7, 1013
What are the prime factors of 83982?
2, 3, 13997
List the prime factors of 10935.
3, 5
List the prime factors of 315.
3, 5, 7
What are the prime factors of 80417?
29, 47, 59
List the prime factors of 7398.
2, 3, 137
What are the prime factors of 380?
2, 5, 19
List the prime factors of 40737.
3, 37, 367
What are the prime factors of 112818?
2, 3, 18803
List the prime factors of 22311.
3, 37, 67
What are the prime factors of 1787?
1787
What are the prime factors of 51344?
2, 3209
List the prime factors of 595.
5, 7, 17
What are the prime factors of 5397?
3, 7, 257
List the prime factors of 2277.
3, 11, 23
List the prime factors of 57474.
2, 3, 31, 103
What are the prime factors of 221?
13, 17
What are the prime factors of 135682?
2, 179, 379
List the prime factors of 2621.
2621
List the prime factors of 105435.
3, 5, 11, 71
What are the prime factors of 5664?
2, 3, 59
What are the prime factors of 3719?
3719
What are the prime factors of 5771?
29, 199
What are the prime factors of 15772?
2, 3943
List the prime factors of 32090.
2, 5, 3209
What are the prime factors of 377?
13, 29
What are the prime factors of 10102?
2, 5051
List the prime factors of 4595.
5, 919
What are the prime factors of 10798?
2, 5399
What are the prime factors of 27580?
2, 5, 7, 197
List the prime factors of 6830.
2, 5, 683
What are the prime factors of 5493?
3, 1831
What are the prime factors of 13541?
11, 1231
List the prime factors of 12957.
3, 7, 617
What are the prime factors of 5273?
5273
List the prime factors of 15470.
2, 5, 7, 13, 17
What are the prime factors of 436?
2, 109
What are the prime factors of 205?
5, 41
What are the prime factors of 60?
2, 3, 5
What are the prime factors of 17774?
2, 8887
What are the prime factors of 37418?
2, 53, 353
List the prime factors of 10562.
2, 5281
List the prime factors of 36613.
19, 41, 47
List the prime factors of 9197.
17, 541
What are the prime factors of 39833?
61, 653
What are the prime factors of 7333?
7333
List the prime factors of 856.
2, 107
List the prime factors of 750.
2, 3, 5
List the prime factors of 1999.
1999
What are the prime factors of 1015?
5, 7, 29
What are the prime factors of 89185?
5, 17837
What are the prime factors of 1936?
2, 11
What are the prime factors of 1420?
2, 5, 71
List the prime factors of 1902.
2, 3, 317
List the prime factors of 39660.
2, 3, 5, 661
List the prime factors of 2687.
2687
What are the prime factors of 11728?
2, 733
List the prime factors of 9931.
9931
List the prime factors of 265.
5, 53
What are the prime factors of 19239?
3, 11, 53
What are the prime factors of 5132?
2, 1283
List the prime factors of 51765.
3, 5, 7, 17, 29
What are the prime factors of 6121?
6121
List the prime factors of 81454.
2, 139, 293
List the prime factors of 4273.
4273
List the prime factors of 525.
3, 5, 7
What are the prime factors of 90?
2, 3, 5
What are the prime factors of 1709?
1709
List the prime factors of 4786.
2, 2393
What are the prime factors of 595?
5, 7, 17
List the prime factors of 7198.
2, 59, 61
List the prime factors of 24528.
2, 3, 7, 73
What are the prime factors of 8932?
2, 7, 11, 29
What are the prime factors of 71171?
71171
What are the prime factors of 623?
7, 89
What are the prime factors of 4635?
3, 5, 103
What are the prime factors of 113512?
2, 7, 2027
List the prime factors of 1948.
2, 487
What are the prime factors of 239?
239
List the prime factors of 2418.
2, 3, 13, 31
List the prime factors of 21590.
2, 5, 17, 127
List the prime factors of 6195.
3, 5, 7, 59
What are the prime factors of 55217?
55217
What are the prime factors of 12240?
2, 3, 5, 17
What are the prime factors of 2639?
7, 13, 29
List the prime factors of 34116.
2, 3, 2843
What are the prime factors of 1450?
2, 5, 29
List the prime factors of 41364.
2, 3, 383
What are the prime factors of 3387?
3, 1129
List the prime factors of 26144.
2, 19, 43
List the prime factors of 7072.
2, 13, 17
What are the prime factors of 493?
17, 29
What are the prime factors of 10992?
2, 3, 229
What are the prime factors of 72260?
2, 5, 3613
What are the prime factors of 24117?
3, 8039
What are the prime factors of 1342?
2, 11, 61
List the prime factors of 15907.
15907
What are the prime factors of 69483?
3, 19, 23, 53
List the prime factors of 1536.
2, 3
What are the prime factors of 6386?
2, 31, 103
What are the prime factors of 3231?
3, 359
What are the prime factors of 306?
2, 3, 17
What are the prime factors of 1177?
11, 107
List the prime factors of 4121.
13, 317
List the prime factors of 168.
2, 3, 7
What are the prime factors of 4012?
2, 17, 59
What are the prime factors of 1139?
17, 67
What are the prime factors of 5650?
2, 5, 113
List the prime factors of 103176.
2, 3, 1433
What are the prime factors of 779?
19, 41
List the prime factors of 4478.
2, 2239
List the prime factors of 3940.
2, 5, 197
What are the prime factors of 9195?
3, 5, 613
List the prime factors of 13243.
17, 19, 41
List the prime factors of 4101.
3, 1367
What are the prime factors of 100870?
2, 5, 7, 11, 131
List the prime factors of 607.
607
List the prime factors of 422.
2, 211
List the prime factors of 2212.
2, 7, 79
List the prime factors of 2813.
29, 97
List the prime factors of 17695.
5, 3539
List the prime factors of 1912.
2, 239
List the prime